. List the prime factors of z.
11
Suppose 0*h = 5*h - 655. Let p = h - 93. Suppose 4*k = 2*k + p. What are the prime factors of k?
19
Let f be -2 + -1 + (-6)/3. Let w(m) = -m**2 - 6*m + 6. What are the prime factors of w(f)?
11
Suppose 6*p = 3*p + 465. What are the prime factors of p?
5, 31
List the prime factors of 4*210/(-1 + 6).
2, 3, 7
Suppose -3 = -f + 3*b + 4, -4*f + b = 5. List the prime factors of f*(-6)/(-10)*-15.
2, 3
Let l be 1/(-3) + 28/3. Let a = 19 - l. What are the prime factors of a?
2, 5
Let m(w) = 2*w**3 + 16*w**2 - 9*w. List the prime factors of m(-8).
2, 3
Suppose -5*l + 2 = y + 5, l + 6 = -2*y. Suppose 0 = -3*c - l*c + 9. List the prime factors of c.
3
Let w(q) be the second derivative of -q**5/20 - 11*q**4/12 - 5*q**3/2 - 10*q. List the prime factors of w(-10).
2, 5
Suppose 3*h = -2 + 11, 4*f - 33 = -3*h. Suppose -3*b + 75 = -b - c, 4*c - 100 = -2*b. Suppose d = f*d - b. List the prime factors of d.
2
List the prime factors of (-508)/(-16) - 4/(-16).
2
Let x(d) = d**3 + d - 1. Let k(j) = -4*j**3 + 2*j**2 - 6*j. Let n(s) = -k(s) - 3*x(s). List the prime factors of n(3).
3, 7
Let c(x) be the first derivative of 2*x - x + 2 - 2*x**2 + 0*x - 6. List the prime factors of c(-4).
17
Let b(n) = -n**2 + n + 3. Let u(x) = x - 13. Let q be u(8). Let a be b(q). List the prime factors of (-2)/(-4) - a/2.
2, 7
Suppose -a + 78 = 2*a. Let z = a - 15. Suppose -4*d + 3*q = -27 + z, -2*q = 3*d - 29. What are the prime factors of d?
7
Let n(a) = a**2 + 2*a + 9. Let c be 1*(9/(-3) + -3). List the prime factors of n(c).
3, 11
What are the prime factors of (8/12)/((-3)/(-90))?
2, 5
Suppose -2*b - 8 = 4*n - 7*n, n = -5*b - 3. Suppose -n*t + 2*l + 161 = t, -t - 2*l = -67. List the prime factors of t.
3, 19
Let v = 5 + 0. Suppose -11 = -5*m - 3*b + 10, 5*m - v*b - 5 = 0. Suppose 2*p = m*p - 7. What are the prime factors of p?
7
Suppose -125 = 5*m + y - 729, 0 = -4*m + y + 485. List the prime factors of m.
11
Suppose 109 = 5*x + 3*f - 56, -3*x + 133 = -5*f. What are the prime factors of x?
2, 3
Let g(x) = 3*x - 2 - 5 - 3. List the prime factors of g(7).
11
Suppose 2*h - 9 = -h. Let i(w) = -w**3 + 3*w**2 + 2*w - 2. What are the prime factors of i(h)?
2
Let q(g) = -g + 1. Let b be q(-6). Let h(w) = -w**3 + 6*w**2 + 8*w - 9. Let l be h(b). List the prime factors of ((-54)/l + 3)/2.
3, 5
Let g(h) = 44*h**3 + 2*h**2 - 4*h + 1. Let y be g(3). Let w be y/20 + 2/8. Suppose -w = -5*x - 5. List the prime factors of x.
11
Let d = -116 + 195. Suppose 0 = 2*x + 2*x + h - 14, -2*x = -3*h - 14. Suppose x*n = -5*w + d, 2*n = -3*w + 11 + 38. What are the prime factors of w?
19
Let x(v) = -v**2 - 2*v. Let a(t) = t**3 + t**2 + t. Let g(k) = -a(k) + x(k). Let j be g(-2). List the prime factors of 18*((-4)/j)/(-2).
2, 3
Let r(f) = 2*f**2 + 7*f + 8. List the prime factors of r(-6).
2, 19
Let i(g) be the second derivative of -g**3/6 + 11*g**2/2 - g. Let w be i(9). List the prime factors of w/(-1) + (-32)/(-4).
2, 3
Let x be (-2)/4 - 169/(-2). Suppose 4*p = 2*h + x, -3*p - 83 = -8*p - 3*h. What are the prime factors of p?
19
Suppose -4*u + 58 + 74 = 0. List the prime factors of u.
3, 11
Let i = 88 + 43. List the prime factors of i.
131
Suppose -73 = -2*i + 4*k - 27, -2*i + 5*k + 51 = 0. Suppose -2*r - 1 = -i. Suppose t = 1 + r. List the prime factors of t.
7
Let i(y) = -y**3 - 4*y**2 - 5*y - 3. Let t be i(-3). Suppose 0 = -t*v - 13 + 4, 0 = 5*d + 3*v - 21. What are the prime factors of 62/d - (-4)/6?
11
Suppose 2*r + 2*d + 22 = 5*r, -6 = 3*d. What are the prime factors of r?
2, 3
Let k = 39 + -27. List the prime factors of 0 + -1 + 2 + k.
13
Let s = -29 + 51. List the prime factors of s.
2, 11
Suppose 3*r = r + 8. Suppose -3*l - r*q + 116 = 0, -4*l + 3*q + q + 108 = 0. What are the prime factors of l?
2
Let y = -125 + 192. List the prime factors of y.
67
What are the prime factors of 1 + (-2 - -1)*-42?
43
Let b be 3/9*(3 + 642). Suppose -b = 3*f - 8*f. List the prime factors of f.
43
Suppose 0*d - 623 = -7*d. What are the prime factors of d?
89
What are the prime factors of (-2 - (-14)/6)*285?
5, 19
Let s(z) = 11*z. List the prime factors of s(1).
11
Let z be -4 + 5 + -1 + -16. Let b be z*(-8)/(-2 + 4). Suppose -i + 5*i = b. List the prime factors of i.
2
Suppose -4*j + 92 = -0*j. Suppose -2 = -r + j. List the prime factors of r.
5
Let z = 11 - 7. Let h(c) = -2*c**2 + 21*c - 15. Let l(m) = -m**2 + 11*m - 8. Let w(j) = 6*h(j) - 11*l(j). What are the prime factors of w(z)?
2
Let k = 7 - 5. Suppose k*r = -2*c + 40, -104 = -5*c - r - 3*r. List the prime factors of c.
2, 3
Suppose 7*l = -2*l + 756. What are the prime factors of l?
2, 3, 7
Let i be 3/18 + 479/6. Suppose 0 = -3*l - l + i. List the prime factors of l.
2, 5
Let y(o) = 27*o + 1 + 1 - 4. List the prime factors of y(1).
5
Let r(f) = f + 1. Suppose -1 = o - 6. Let m be r(o). Let a = m - 4. What are the prime factors of a?
2
Suppose 4*a + 2 = -10. What are the prime factors of -1 + 1/(a/(-78))?
5
Let o(u) = 18*u**2 + 8. Let f(c) = -5 - 4 + 2 - 17*c**2. Let i(z) = -7*f(z) - 6*o(z). List the prime factors of i(-1).
2, 3
Suppose a - 103 - 83 = 0. List the prime factors of a.
2, 3, 31
Suppose 3*r + 4 = -3*n + n, -2*r = -n - 2. Suppose 0*o = -6*o. Suppose o = -r*h - 3*h + 21. What are the prime factors of h?
7
Let h be 3/2 + 3/6. Let f(c) = c**3 + 2*c**h - 3 + 10 + 0*c**2 + c - 3*c**2. List the prime factors of f(0).
7
Let g = 217 - 107. Suppose d + 5*k - 36 = 0, 2*k = -4*d - k + g. What are the prime factors of d?
2, 13
Suppose -3*d = -4*d + 130. What are the prime factors of d?
2, 5, 13
Let m be -19 - 5 - 0/(-1). Let s be 21/35 + m/(-10). Suppose -s*a + j = -59 + 20, 0 = a - 3*j - 21. List the prime factors of a.
2, 3
Let i be (-3)/15 - (-31)/5. Suppose -3*k - 3 = i. What are the prime factors of (1 - -4) + (-4 - k)?
2
Let c = -17 + 24. List the prime factors of c.
7
Let s(x) = 3*x**2 - 2*x - 2. Let j be s(-1). Suppose -6*q + 5*q + 18 = 0. Suppose q = -0*t + j*t. What are the prime factors of t?
2, 3
Let r(w) = 5*w**3 - w**2 - 2*w + 2. Suppose 2*t = -2*y + 10, 5*y = 3*t + 5 + 4. What are the prime factors of r(t)?
2, 17
Let n(q) = -q**2 - 6*q - 1. Let y be n(-6). Let x(r) = 12*r. Let i be x(y). List the prime factors of (i/8)/(1/(-2)).
3
Let z = 12 - 11. Let q(a) = 7*a + 2. List the prime factors of q(z).
3
What are the prime factors of (-486)/(6/(-12) + -1)?
2, 3
Suppose 0 = 5*v - 5*n + 15, 3*v + 0*v - 3 = -n. Let j be v/(2/(-1)) - 0. Suppose -4*g + 3*x + 27 = j, -g + 6*g - 29 = -x. What are the prime factors of g?
2, 3
Let c(k) be the third derivative of 7*k**4/24 - 17*k**3/6 + k**2. List the prime factors of c(7).
2
Let h = 27 + 62. List the prime factors of h.
89
Suppose 618 = 3*s - 4*u, 3*s = u - 4*u + 639. Let o = s - 110. List the prime factors of o/12 + (-2)/6.
2
Let u = 5 + -4. Suppose -2*o + u = i - 1, 4*i - 24 = -4*o. What are the prime factors of i?
2, 5
Suppose 76 = 2*x - 52. List the prime factors of x.
2
Suppose 0 = 7*d - 11*d + 232. List the prime factors of d.
2, 29
Let f(n) = -n**3 - 9*n**2 - 8*n + 10. Let l = -2 - 6. Let r be f(l). What are the prime factors of 56/r + (-4)/(-10)?
2, 3
Suppose -f - 4*f + 200 = 0. What are the prime factors of f?
2, 5
Let d = -5 + 3. Let b be d - (3 - (-1 + 2)). What are the prime factors of (-4)/(7/(154/b))?
2, 11
Let d(j) = -23*j**3 - j**2 - 2*j - 2. What are the prime factors of d(-1)?
2, 11
Suppose -9*i - 28 = -11*i. What are the prime factors of i?
2, 7
Let j = 53 - 32. What are the prime factors of j?
3, 7
Suppose -6 = -2*y - 0. Suppose 0 = -3*s, -5*z - 2*s + y*s + 10 = 0. What are the prime factors of z?
2
Let z be (-5)/15 - (-196)/3. Suppose -5*v + 4*y + z = 0, v - y + 13 = 3*v. What are the prime factors of v?
3
Let a be -1 - (2 + 4)*-1. Suppose -2*n = -n. Suppose u = -3 + a, n = 2*w + 4*u - 28. List the prime factors of w.
2, 5
Let g(z) = -39*z + 6. Let k be g(-7). What are the prime factors of k/21 + (-4)/14?
13
What are the prime factors of 12/(-42) + 548/7 + 1?
79
Let j(s) = -s + 3. Let o be j(7). Let l(q) = -q**2 - 4*q + 5. What are the prime factors of l(o)?
5
Let l(r) = r + 6. Let o be l(-6). Suppose o*j + 2*j = 12. List the prime factors of j.
2, 3
Suppose 84 = 8*z - 5*z. List the prime factors of z.
2, 7
What are the prime factors of (-14720)/69*(-1